{"version":"1.0","provider_name":"LUKINSKI | Real Estates","provider_url":"https:\/\/lukinski.de\/villa","author_name":"L_kinski","author_url":"https:\/\/lukinski.de\/villa\/author\/l_kinski\/","title":"Marbella, Spanien - Villa mit exklusiven Panoramablick in La Cala de Mijas - LUKINSKI | Real Estates","type":"rich","width":600,"height":338,"html":"<blockquote class=\"wp-embedded-content\" data-secret=\"iNrwzHxYPw\"><a href=\"https:\/\/lukinski.de\/villa\/property\/marbella-spanien-villa-exklusiven-panoramablick-calla-mijas\/\">Marbella, Spanien &#8211; Villa mit exklusiven Panoramablick in La Cala de Mijas<\/a><\/blockquote><iframe sandbox=\"allow-scripts\" security=\"restricted\" src=\"https:\/\/lukinski.de\/villa\/property\/marbella-spanien-villa-exklusiven-panoramablick-calla-mijas\/embed\/#?secret=iNrwzHxYPw\" width=\"600\" height=\"338\" title=\"&#8222;Marbella, Spanien &#8211; Villa mit exklusiven Panoramablick in La Cala de Mijas&#8220; &#8211; LUKINSKI | Real Estates\" data-secret=\"iNrwzHxYPw\" frameborder=\"0\" marginwidth=\"0\" marginheight=\"0\" scrolling=\"no\" class=\"wp-embedded-content\"><\/iframe><script type=\"text\/javascript\">\n\/* <![CDATA[ *\/\n\/*! This file is auto-generated *\/\n!function(d,l){\"use strict\";l.querySelector&&d.addEventListener&&\"undefined\"!=typeof URL&&(d.wp=d.wp||{},d.wp.receiveEmbedMessage||(d.wp.receiveEmbedMessage=function(e){var t=e.data;if((t||t.secret||t.message||t.value)&&!\/[^a-zA-Z0-9]\/.test(t.secret)){for(var s,r,n,a=l.querySelectorAll('iframe[data-secret=\"'+t.secret+'\"]'),o=l.querySelectorAll('blockquote[data-secret=\"'+t.secret+'\"]'),c=new RegExp(\"^https?:$\",\"i\"),i=0;i<o.length;i++)o[i].style.display=\"none\";for(i=0;i<a.length;i++)s=a[i],e.source===s.contentWindow&&(s.removeAttribute(\"style\"),\"height\"===t.message?(1e3<(r=parseInt(t.value,10))?r=1e3:~~r<200&&(r=200),s.height=r):\"link\"===t.message&&(r=new URL(s.getAttribute(\"src\")),n=new URL(t.value),c.test(n.protocol))&&n.host===r.host&&l.activeElement===s&&(d.top.location.href=t.value))}},d.addEventListener(\"message\",d.wp.receiveEmbedMessage,!1),l.addEventListener(\"DOMContentLoaded\",function(){for(var e,t,s=l.querySelectorAll(\"iframe.wp-embedded-content\"),r=0;r<s.length;r++)(t=(e=s[r]).getAttribute(\"data-secret\"))||(t=Math.random().toString(36).substring(2,12),e.src+=\"#?secret=\"+t,e.setAttribute(\"data-secret\",t)),e.contentWindow.postMessage({message:\"ready\",secret:t},\"*\")},!1)))}(window,document);\n\/* ]]> *\/\n<\/script>\n","thumbnail_url":"https:\/\/lukinski.de\/villa\/wp-content\/uploads\/2021\/07\/Villa-marbella-03-pool-aussenanlage-anwesen-relax-liegestuehle-aussicht-garden-green-5.jpg","thumbnail_width":1200,"thumbnail_height":899,"description":"Villa Marbella &#8211; Diese eindrucksvolle Villa befindet sich in der erh\u00f6hten Luxus-Gegend La Cala de Mijas. Golfpl\u00e4tze und der Strand von Marbella sind nur wenige Minuten entfernt. Von der Terrasse l\u00e4sst sich ein atemberaubender Blick \u00fcber den eigenen Garten und Poolanlage, sowie den traumhaften Strand von Cala de Mijas genie\u00dfen. Zur\u00fcck zur \u00dcbersicht: Villas Marbella. [&hellip;]"}

Villa Marbella &#8211; Diese eindrucksvolle Villa befindet sich in der erhöhten Luxus-Gegend La Cala de Mijas. Golfplätze und der Strand von Marbella sind nur wenige Minuten entfernt. Von der Terrasse lässt sich ein atemberaubender Blick über den eigenen Garten und Poolanlage, sowie den traumhaften Strand von Cala de Mijas genießen. Zurück zur Übersicht: Villas Marbella. [&hellip;]
